alse
Is 28838189 prime?
True
Is 53500739 composite?
False
Is 108673379 composite?
False
Is 414347 prime?
True
Is 8961091 a composite number?
True
Is 10720315 a composite number?
True
Is 13607201 a composite number?
False
Is 321977371 a prime number?
True
Is 138146467 a composite number?
False
Is 15299839 composite?
True
Is 185573 a prime number?
False
Is 3681749 a prime number?
True
Is 17594407 prime?
True
Is 1016068967 a prime number?
True
Is 2021371 composite?
True
Is 22972343 a composite number?
False
Is 917129 composite?
True
Is 5526022 a composite number?
True
Is 24275137 prime?
False
Is 18111677 a composite number?
True
Is 8176001 composite?
True
Is 9538429 composite?
True
Is 2298949 composite?
False
Is 3022603 prime?
False
Is 130769113 composite?
False
Is 20934739 a composite number?
True
Is 22873295 composite?
True
Is 118611719 prime?
False
Is 7276363 composite?
False
Is 18145861 prime?
False
Is 202263931 a prime number?
True
Is 31763 a composite number?
True
Is 6227017 composite?
True
Is 38146721 a composite number?
False
Is 1423663 a composite number?
False
Is 459607 prime?
True
Is 32274659 composite?
False
Is 18164777 a prime number?
True
Is 155155681 composite?
False
Is 85842077 prime?
True
Is 49559567 a composite number?
True
Is 7115093 prime?
True
Is 6541151 a prime number?
True
Is 1831127 composite?
False
Is 695437 a composite number?
True
Is 480343243 composite?
True
Is 19371259 composite?
False
Is 16190801 a composite number?
True
Is 3934421 prime?
True
Is 25490765 composite?
True
Is 10076965 prime?
False
Is 199207 a prime number?
True
Is 166276213 composite?
True
Is 192592217 a composite number?
False
Is 2443843 prime?
False
Is 78739813 prime?
False
Is 438569 a prime number?
True
Is 14218559 prime?
True
Is 42039677 composite?
False
Is 74716451 a composite number?
True
Is 27584807 composite?
False
Is 52037093 a composite number?
True
Is 43733749 composite?
False
Is 12374071 prime?
True
Is 9544411 prime?
True
Is 32620369 a prime number?
False
Is 326705191 a prime number?
True
Is 9355817 prime?
True
Is 15539991 composite?
True
Is 634357649 a composite number?
False
Is 276429 composite?
True
Is 92543203 a prime number?
False
Is 90595 composite?
True
Is 17223571 a prime number?
True
Is 42595447 composite?
True
Is 10282567 a composite number?
False
Is 53115485 a prime number?
False
Is 1338823 composite?
False
Is 193503949 a prime number?
True
Is 1210427 prime?
True
Is 22117013 a prime number?
True
Is 169829 composite?
True
Is 91731974 composite?
True
Is 5177371 prime?
False
Is 17853839 composite?
False
Is 1589167 a prime number?
False
Is 5852599 prime?
False
Is 170876317 prime?
True
Is 1330319 composite?
True
Is 53187098 prime?
False
Is 189393877 prime?
False
Is 46092203 composite?
False
Is 3880021 a prime number?
False
Is 26585219 composite?
False
Is 2482899 a prime number?
False
Is 7052231 composite?
False
Is 39596563 prime?
True
Is 4564457 a prime number?
True
Is 47164263 composite?
True
Is 186353 a composite number?
True
Is 106458457 a composite number?
True
Is 212191897 a prime number?
True
Is 38434519 a prime number?
True
Is 85235545 prime?
False
Is 263949029 prime?
False
Is 8608807 prime?
False
Is 50825521 composite?
False
Is 26817226 composite?
True
Is 149194943 prime?
True
Is 284853 a prime number?
False
Is 257760169 composite?
False
Is 11513849 composite?
False
Is 8059367 a prime number?
True
Is 258611783 a composite number?
False
Is 3773513 composite?
False
Is 6608507 a prime number?
True
Is 3462101 a composite number?
True
Is 224744489 composite?
False
Is 209530577 prime?
False
Is 7496407 prime?
True
Is 6353411 composite?
False
Is 343481 composite?
False
Is 10873613 a composite number?
True
Is 581909 a composite number?
False
Is 1239377 a prime number?
True
Is 28837 prime?
True
Is 2056193 composite?
False
Is 1003247159 composite?
True
Is 63986327 prime?
False
Is 264978761 prime?
False
Is 17706743 a composite number?
False
Is 17939351 composite?
True
Is 263652229 prime?
False
Is 555986 prime?
False
Is 1087781 a prime number?
True
Is 49721403 a prime number?
False
Is 497380333 composite?
True
Is 4275601 a prime number?
False
Is 354511169 a prime number?
True
Is 6562307 a prime number?
True
Is 14829239 composite?
False
Is 41938703 a prime number?
True
Is 15590153 composite?
True
Is 165865189 prime?
False
Is 262559 a composite number?
True
Is 11860777 a prime number?
True
Is 2869023 a prime number?
False
Is 44143313 a prime number?
False
Is 67407341 a composite number?
True
Is 484224427 composite?
False
Is 294521 composite?
True
Is 457151843 a prime number?
True
Is 26589077 prime?
True
Is 295204781 composite?
False
Is 177677209 composite?
False
Is 12578833 prime?
False
Is 64801469 composite?
True
Is 36220231 a composite number?
False
Is 620383 a composite number?
False
Is 124692203 a composite number?
False
Is 17257 prime?
True
Is 117470447 a composite number?
True
Is 4286437 a prime number?
False
Is 7824955 a prime number?
False
Is 4576381 a composite number?
False
Is 7218953 a composite number?
True
Is 19990211 prime?
False
Is 66357149 prime?
False
Is 30788203 prime?
True
Is 116105657 prime?
True
Is 660643 prime?
True
Is 16391731 prime?
False
Is 18101261 a prime number?
False
Is 5820017 a prime number?
False
Is 3987829 a prime number?
True
Is 11962697 a prime number?
True
Is 3484441 composite?
False
Is 4754417695 prime?
False
Is 22355537 composite?
True
Is 673321 a composite number?
True
Is 344401 prime?
False
Is 3876601 prime?
False
Is 67482931 a prime number?
False
Is 104847047 composite?
False
Is 9093919 composite?
False
Is 33916687 a composite number?
True
Is 377712263 a prime number?
True
Is 22886759 a prime number?
False
Is 31974809 a composite number?
False
Is 4510529 prime?
False
Is 221809209 composite?
True
Is 2087593 a prime number?
True
Is 216270778 a prime number?
False
Is 938563 composite?
False
Is 19503409 prime?
False
Is 3706613 prime?
False
Is 13665433 prime?
False
Is 56440759 a composite number?
False
Is 38955538 a composite number?
True
Is 1967371 a prime number?
False
Is 1679173 a prime number?
False
Is 132833453 composite?
False
Is 15510865 a prime number?
False
Is 7316563 a prime number?
False
Is 632179445 a prime number?
False
Is 330061 composite?
False
Is 141642367 a prime number?
True
Is 13112933 a composite number?
True
Is 133462313 a composite number?
False
Is 54347831 composite?
False
Is 101540089 a composite number?
True
Is 13149229 a prime number?
True
Is 33272179 composite?
True
Is 44818931 composite?
False
Is 1153517 a prime number?
True
Is 9000193 composite?
False
Is 59241977 prime?
False
Is 685872553 composite?
True
Is 33563801 prime?
True
Is 18199679 a composite number?
True
Is 539797 composite?
False
Is 1362401 a prime number?
True
Is 129946683 composite?
True
Is 17674073 prime?
True
Is 1680443 a composite number?
True
Is 38923793 composite?
False
Is 185960899 composite?
False
Is 44685187 prime?
True
Is 1229519 a composite number?
False
Is 3479281 composite?
True
Is 28721647 composite?
False
Is 1157550595 prime?
False
Is 19167277 a composite number?
False
Is 10909618 prime?
False
Is 2793823 a composite number?
False
Is 24073459 a prime number?
True
Is 148156589 prime?
False
Is 1914613 prime?
True
Is 814445 composite?
True
Is 287327 composite?
False
Is 33111779 a prime number?
True
Is 121867 prime?
True
Is 127904779 a composite number?
True
Is 24282199 a composite number?
True
Is 58459487 prime?
True
Is 1357111 composite?
True
Is 24644047 prime?
True
Is 5065427 composite?
True
Is 516874717 composite?
True
Is 7851107 prime?
False
Is 37279867 a composite number?
False
Is 11307818 a prime number?
False
Is 11199433 a composite number?
True
Is 46206319 a composite number?
False
Is 1743221 composite?
False
Is 14698553 prime?
False
Is 383608253 composite?
True
Is 1163543 a composite number?
False
Is 69293738 prime?
False
Is 4148783 prime?
False
Is 3910666 prime?
False
Is 25229161 a composite number?
False
Is 118725617 composite?
False
Is 4534177 composite?
False
Is 18531659 a composite number?
True
Is 28775893 a composite number?
True
Is 122164067 composite?
False
Is 609402643 composite?
False
Is 1809838 prime?
False
Is 1820554 a composite number?
True
Is 135219901 a prime number?
False
Is 